{"id":12,"date":"2015-03-28T21:37:19","date_gmt":"2015-03-28T20:37:19","guid":{"rendered":"http:\/\/sminformatyk.pl\/?page_id=12"},"modified":"2025-11-07T08:12:53","modified_gmt":"2025-11-07T07:12:53","slug":"organy-spoldzielni","status":"publish","type":"page","link":"http:\/\/sminformatyk.pl\/?page_id=12","title":{"rendered":"Organy Sp\u00f3\u0142dzielni"},"content":{"rendered":"<table>\n<tbody>\n<tr>\n<td>NIP<\/td>\n<td>8960003591<\/td>\n<\/tr>\n<tr>\n<td>REGON<\/td>\n<td>000998263<\/td>\n<\/tr>\n<tr>\n<td>KRS<\/td>\n<td>0000174000<\/td>\n<\/tr>\n<\/tbody>\n<\/table>\n<p><strong>Zarz\u0105d<\/strong>:<\/p>\n<ul>\n<li>Prezes Zarz\u0105du &#8211; Andrzej Krzy\u017cosiak<\/li>\n<li>Z-ca Prezesa &#8211; Zenon Pawlak<\/li>\n<\/ul>\n<p><strong>Rada nadzorcza<\/strong>:<\/p>\n<ul>\n<li>przewodnicz\u0105cy Rady &#8211; Cezary Piskorz<\/li>\n<li>wiceprzewodnicz\u0105cy Rady &#8211; Anna Fijas<\/li>\n<li>sekretarz Rady &#8211; Katarzyna Pilarek<\/li>\n<li>cz\u0142onkowie Rady: Ma\u0142gorzata B\u0142asiak, <s>Andrzej Napieralczyk<\/s> &#8211; Decyzja S\u0105du Rejonowego Dla Wroc\u0142awia Fabrycznej we Wroc\u0142awiu z dnia 23.10.2025r.<\/li>\n<\/ul>\n","protected":false},"excerpt":{"rendered":"<p>NIP 8960003591 REGON 000998263 KRS 0000174000 Zarz\u0105d: Prezes Zarz\u0105du &#8211; Andrzej Krzy\u017cosiak Z-ca Prezesa &#8211; Zenon Pawlak Rada nadzorcza: przewodnicz\u0105cy Rady &#8211; Cezary Piskorz wiceprzewodnicz\u0105cy Rady &#8211; Anna Fijas sekretarz Rady &#8211; Katarzyna Pilarek cz\u0142onkowie Rady: Ma\u0142gorzata B\u0142asiak, Andrzej Napieralczyk &hellip; <a href=\"http:\/\/sminformatyk.pl\/?page_id=12\">Czytaj dalej <span class=\"meta-nav\">&rarr;<\/span><\/a><\/p>\n","protected":false},"author":2,"featured_media":0,"parent":0,"menu_order":0,"comment_status":"closed","ping_status":"open","template":"","meta":{"footnotes":""},"class_list":["post-12","page","type-page","status-publish","hentry"],"_links":{"self":[{"href":"http:\/\/sminformatyk.pl\/index.php?rest_route=\/wp\/v2\/pages\/12","targetHints":{"allow":["GET"]}}],"collection":[{"href":"http:\/\/sminformatyk.pl\/index.php?rest_route=\/wp\/v2\/pages"}],"about":[{"href":"http:\/\/sminformatyk.pl\/index.php?rest_route=\/wp\/v2\/types\/page"}],"author":[{"embeddable":true,"href":"http:\/\/sminformatyk.pl\/index.php?rest_route=\/wp\/v2\/users\/2"}],"replies":[{"embeddable":true,"href":"http:\/\/sminformatyk.pl\/index.php?rest_route=%2Fwp%2Fv2%2Fcomments&post=12"}],"version-history":[{"count":10,"href":"http:\/\/sminformatyk.pl\/index.php?rest_route=\/wp\/v2\/pages\/12\/revisions"}],"predecessor-version":[{"id":746,"href":"http:\/\/sminformatyk.pl\/index.php?rest_route=\/wp\/v2\/pages\/12\/revisions\/746"}],"wp:attachment":[{"href":"http:\/\/sminformatyk.pl\/index.php?rest_route=%2Fwp%2Fv2%2Fmedia&parent=12"}],"curies":[{"name":"wp","href":"https:\/\/api.w.org\/{rel}","templated":true}]}}